ase 5) in base 6?
-14
What is -7 (base 10) in base 16?
-7
What is -32 (base 13) in base 7?
-56
-50 (base 8) to base 6
-104
Convert 36 (base 7) to base 12.
23
-3 (base 9) to base 12
-3
What is 0 (base 16) in base 5?
0
Convert -5 (base 10) to base 2.
-101
-1 (base 7) to base 12
-1
What is -3 (base 8) in base 5?
-3
Convert 2 (base 9) to base 15.
2
What is 1b (base 13) in base 15?
19
Convert 25 (base 9) to base 3.
212
1010 (base 2) to base 13
a
What is -3 (base 9) in base 12?
-3
-1101 (base 2) to base 11
-12
Convert 3 (base 11) to base 3.
10
What is -2 (base 3) in base 13?
-2
Convert 104 (base 6) to base 14.
2c
2 (base 6) to base 14
2
Convert 4 (base 16) to base 13.
4
Convert -46 (base 11) to base 14.
-38
Convert -12 (base 8) to base 6.
-14
-21 (base 6) to base 8
-15
What is -10 (base 2) in base 9?
-2
30 (base 5) to base 8
17
What is -8 (base 13) in base 6?
-12
What is -11 (base 10) in base 11?
-10
What is -ba (base 16) in base 11?
-15a
2 (base 11) to base 9
2
Convert b (base 16) to base 9.
12
10011110 (base 2) to base 5
1113
Convert -25 (base 13) to base 2.
-11111
What is -10 (base 7) in base 13?
-7
What is 12 (base 16) in base 9?
20
What is -3 (base 14) in base 5?
-3
e7 (base 16) to base 10
231
Convert 11 (base 3) to base 6.
4
Convert -f8 (base 16) to base 7.
-503
-4 (base 11) to base 16
-4
What is 71 (base 8) in base 11?
52
2 (base 4) to base 11
2
-1 (base 7) to base 8
-1
What is -101 (base 3) in base 4?
-22
What is -12 (base 6) in base 14?
-8
What is -1 (base 5) in base 12?
-1
Convert -6 (base 11) to base 2.
-110
1 (base 15) to base 4
1
Convert 14 (base 11) to base 2.
1111
66 (base 8) to base 13
42
Convert 110 (base 6) to base 3.
1120
What is 5a (base 14) in base 10?
80
1001110 (base 2) to base 16
4e
134 (base 5) to base 9
48
What is 17 (base 8) in base 2?
1111
What is -13 (base 7) in base 12?
-a
Convert 1 (base 16) to base 12.
1
24 (base 7) to base 6
30
13 (base 4) to base 12
7
-64 (base 8) to base 16
-34
10 (base 7) to base 13
7
Convert -201 (base 6) to base 3.
-2201
What is 3 (base 8) in base 6?
3
-51 (base 8) to base 10
-41
14 (base 7) to base 11
10
What is -1a (base 12) in base 5?
-42
What is -10 (base 2) in base 15?
-2
What is 132 (base 12) in base 4?
2312
Convert 3 (base 8) to base 13.
3
Convert 2 (base 15) to base 12.
2
What is 10 (base 5) in base 6?
5
What is -145 (base 9) in base 5?
-442
Convert -1112 (base 4) to base 10.
-86
-4 (base 12) to base 4
-10
Convert 202 (base 6) to base 2.
1001010
Convert 6 (base 9) to base 3.
20
Convert -115 (base 6) to base 11.
-43
Convert -101 (base 9) to base 2.
-1010010
What is 2212 (base 3) in base 6?
205
Convert 5 (base 8) to base 6.
5
What is 64 (base 10) in base 6?
144
What is 8 (base 9) in base 5?
13
-112 (base 10) to base 13
-88
-12 (base 3) to base 7
-5
What is 7 (base 15) in base 13?
7
-58 (base 16) to base 14
-64
Convert 11 (base 10) to base 12.
b
-4 (base 10) to base 2
-100
Convert -35 (base 6) to base 5.
-43
What is -5 (base 12) in base 16?
-5
a6 (base 11) to base 3
11022
Convert 6 (base 16) to base 12.
6
-5a (base 13) to base 6
-203
What is 10010110 (base 2) in base 7?
303
13 (base 7) to base 11
a
-2 (base 5) to base 15
-2
-11201 (base 3) to base 15
-87
2 (base 11) to base 15
2
32 (base 14) to base 10
44
-6 (base 8) to base 2
-110
Convert -2 (base 8) to base 13.
-2
Convert 0 (base 7) to base 14.
0
-358 (base 9) to base 11
-24a
Convert 1 (base 16) to base 3.
1
Convert -26 (base 7) to base 8.
-24
Convert -2 (base 16) to base 10.
-2
What is -11 (base 4) in base 5?
-10
2 (base 4) to base 7
2
Convert 203 (base 5) to base 4.
311
Convert -91 (base 15) to base 16.
-88
Convert 111 (base 2) to base 16.
7
What is 9 (base 11) in base 4?
21
What is -1103 (base 4) in base 15?
-58
Convert -70 (base 13) to base 14.
-67
What is 7 (base 10) in base 6?
11
What is -1122 (base 3) in base 11?
-40
Convert 3 (base 9) to base 16.
3
What is 432 (base 6) in base 5?
1124
What is 1 (base 6) in base 11?
1
Convert -1001 (base 2) to base 9.
-10
What is -2b (base 16) in base 12?
-37
What is -2 (base 16) in base 11?
-2
1 (base 5) to base 3
1
What is -78 (base 12) in base 13?
-71
Convert 7 (base 16) to base 5.
12
Convert -12 (base 6) to base 10.
-8
Convert 9 (base 15) to base 8.
11
What is -100 (base 2) in base 15?
-4
24 (base 15) to base 10
34
What is -101 (base 5) in base 4?
-122
-4 (base 15) to base 8
-4
What is 45 (base 14) in base 9?
67
-15 (base 9) to base 8
-16
What is -232 (base 7) in base 11?
-100
Convert 1 (base 13) to base 14.
1
17 (base 15) to base 9
24
1b (base 16) to base 11
25
What is 2 (base 9) in base 6?
2
Convert -5d (base 14) to base 4.
-1103
What is -13 (base 5) in base 16?
-8
-10 (base 3) to base 10
-3
What is 144 (base 6) in base 4?
1000
What is -8 (base 14) in base 6?
-12
What is -2c (base 15) in base 10?
-42
Convert -1e (base 16) to base 8.
-36
Convert -5 (base 11) to base 9.
-5
-110 (base 2) to base 6
-10
Convert -2 (base 7) to base 13.
-2
-35 (base 14) to base 9
-52
-4 (base 8) to base 2
-100
What is -2 (base 11) in base 8?
-2
-72 (base 16) to base 12
-96
What is -10 (base 9) in base 12?
-9
Convert -1 (base 14) to base 2.
-1
What is -10 (base 12) in base 7?
-15
What is -4a (base 16) in base 5?
-244
Convert 32 (base 7) to base 9.
25
1 (base 14) to base 9
1
Convert -119 (base 12) to base 4.
-2211
What is 36 (base 7) in base 4?
123
14 (base 9) to base 4
31
-11 (base 7) to base 10
-8
1000001 (base 2) to base 15
45
What is 1 (base 8) in base 9?
1
Convert -114 (base 11) to base 2.
-10001000
8 (base 10) to base 9
8
-12 (base 4) to base 14
-6
What is -5 (base 14) in base 10?
-5
What is 3 (base 11) in base 8?
3
What is 3 (base 5) in base 9?
3
Convert 61 (base 12) to base 5.
243
-10 (base 3) to base 7
-3
Convert -7 (base 9) to base 11.
-7
-5a (base 14) to base 7
-143
Convert -25 (base 8) to base 6.
-33
20 (base 5) to base 13
a
What is 0 (base 12) in base 8?
0
Convert -41 (base 6) to base 15.
-1a
1000011 (base 2) to base 16
43
Convert -108 (base 10) to base 8.
-154
What is 3d (base 15) in base 11?
53
-185 (base 10) to base 14
-d3
What is -3 (base 14) in base 13?
-3
What is 9 (base 15) in base 3?
100
What is 0 (base 10) in base 3?
0
What is -31 (base 14) in base 12?
-37
What is -6e (base 16) in base 15?
-75
12b (base 13) to base 16
ce
What is 115 (base 9) in base 4?
1133
What is -8 (base 9) in base 7?
-11
What is -101 (base 2) in base 11?
-5
Convert -5 (base 12) to base 8.
-5
What is 0 (base 6) in base 11?
0
What is -152 (base 9) in base 11?
-107
What is 61 (base 10) in base 4?
331
Convert -4 (base 7) to base 16.
-4
Convert 59 (base 12) to base 10.
69
Convert -211 (base 3) to base 14.
-18
What is -4 (base 5) in base 13?
-4
What is -1b (base 12) in base 10?
-23
Convert 0 (base 7) to base 12.
0
What is -1011100 (base 2) in base 6?
-232
Convert -13 (base 7) to base 12.
-a
What is 2 (base 9) in base 14?
2
9 (base 11) to base 2
1001
What is -1 (base 12) in base 13?
-1
-25 (base 7) to base 13
-16
Convert -3 (base 7) to base 8.
-3
-2 (base 16) to base 10
-2
Convert 174 (base 12) to base 8.
350
What is 17 (base 13) in base 14?
16
-210 (base 5) to base 11
-50
0 (base 13) to base 8
0
What is -344 (base 7) in base 14?
-cb
Convert 100 (base 4) to base 3.
121
Convert -1010 (base 2) to base 5.
-20
What is -3 (base 8) in base 14?
-3
0 (base 8) to base 13
0
6 (base 14) to base 2
110
-307 (base 8) to base 6
-531
Convert 40 (base 5) to base 13.
17
What is 3 (base 11) in base 3?
10
Convert 16 (base 10) to base 3.
121
7 (base 14) to base 6
11
What is 9 (base 16) in base 15?
9
What is 4 (base 14) in base 2?
100
10010111 (base 2) to base 3
12121
What is 7f (base 16) in base 13?
9a
Convert 2 (base 9) to base 7.
2
What is 1001 (base 2) in base 3?
100
Convert 53 (base 8) to base 2.
101011
16 (base 14) to base 6
32
Convert 0 (base 7) to base 4.
0
-24 (base 6) to base 3
-121
What is -212 (base 3) in base 15?
-18
0 (base 14) to base 2
0
Convert -2 (base 6) to base 9.
-2
142 (base 5) to base 16
2f
170 (base 10) to base 6
442
What is -10000 (base 2) in base 11?
-15
What is 100 (base 13) in base 12?
121
-4 (base 12) to base 14
-4
What is 6 (base 15) in base 12?
6
What is 0 (base 3) in base 9?
0
Convert 10 (base 11) to base 15.
b
What is -7 (base 15) in base 9?
-7
What is -15a (base 12) in base 15?
-e4
What is -3 (base 8) in base 7?
-3
